15) + (0 - -1)?
9
What is 2 - (4 + (-5 - 0))?
3
Evaluate -1 + (-4 - -11) + -4 + 0.
2
-7 + (2 - 4 - -11)
2
What is (11 - 14) + 1 + 3 + -6?
-5
-1 + -2 + -1 + (1 - 0)
-3
Evaluate 6 + (0 - 0 - 3).
3
Calculate -2 + (13 + -1 - 16).
-6
What is -8 - (-4 - (-8 + 10))?
-2
Calculate 0 - (1 - 0) - -7.
6
9 - (11 - (-7 - -13))
4
10 + (-7 - -3) + -1 + -2
3
Calculate -7 + (3 - (0 - 1)).
-3
Evaluate -1 + 5 + -3 - (-9 + 5).
5
Evaluate -4 + (-2 + 2 - -5) + -7.
-6
-5 + (-7 - -1 - -6)
-5
Calculate 19 + 6 + -12 + -23.
-10
What is the value of -2 + 0 + 5 - (-7 - -16)?
-6
What is the value of -2 + ((-2 - -2) + -2 - 0)?
-4
3 + (-15 - -9) + 7
4
Evaluate -33 + 34 + -4 + 1.
-2
1 + 10 + (-7 - 4)
0
5 + (-3 - (0 + 2)) - 0
0
What is the value of (146 - 146) + (1 - 3) + 0?
-2
What is 0 + 1 + -3 + 31 + -34?
-5
What is the value of 1 - -12 - 28 - -13?
-2
What is the value of -2 + (1 + -2 + -1 - 1)?
-5
3 - ((-2 - -3) + 1)
1
What is the value of 6 + -24 + -7 + 19?
-6
Calculate -2 - 2 - (20 - 27).
3
Calculate -5 - (-7 + -12 + 10).
4
Calculate -4 - (-5 - -2) - 0 - -1.
0
Evaluate -2 + (0 + 5 - 1) + -1.
1
Evaluate (-6 - (-2 + (2 - 2))) + 6.
2
Calculate 4 + 3 - ((5 - 4) + 1).
5
What is 4 - (9 + (-2 + 1 - 3))?
-1
-4 + 2 + 3 + -6 - -3
-2
What is 7 - (3 + -6 - -4) - 11?
-5
5 - (-6 + (7 - -6))
-2
What is -2 + 1 - 3 - 0?
-4
Evaluate (-16 - -6) + 8 + 4.
2
Calculate 3 - (13 - (-1 - -5)).
-6
Calculate 7 - (-7 - 0 - -7).
7
What is 0 + -1 + 4 - 4 - 0?
-1
What is -5 + (18 - (3 + 13 + -8))?
5
What is the value of (22 - 9) + -13 - -5?
5
-4 - (-1 + -3 + 5)
-5
Calculate -7 + (-7 - -13) - 4.
-5
What is -4 + -2 + (-4 + 2 - -4)?
-4
Evaluate 4 - 5 - 3 - -1.
-3
What is (0 - -5 - 5) + 2 - -2?
4
Evaluate -3 - 1 - (2 - 4).
-2
Calculate 8 + 4 + 2 + -8 + -3.
3
What is -2 + (-3 + -1 - -3 - -7)?
4
Evaluate -1 - (4 + -3) - (-3 - -6).
-5
Calculate -5 + 15 + (-1 - 2) - 3.
4
Evaluate (2 + -11 - -4) + 3 - 0.
-2
Calculate (3 - -3) + (-13 - -1).
-6
What is 0 - (5 - 6) - (-4 + 1)?
4
(3 - 19) + 6 - -5
-5
(0 - 7) + 2 + 5
0
What is the value of 2 - (23 + -28 + (0 - -3))?
4
What is -3 + 3 + (-4 - -3) + -1?
-2
What is 0 + -6 - (-5 - (-4 - 0))?
-5
What is the value of 2 + -3 + (-4 - 1 - -1)?
-5
-10 - (6 - (3 - -7))
-6
What is the value of 60 + -64 + (-3 - -1)?
-6
Evaluate -12 + (44 + -38 - (1 + -2)).
-5
What is 2 + -1 + -2 + 1?
0
Calculate -7 + -7 + (6 - -6).
-2
Evaluate 4 - ((1 + 1 - 6) + 9).
-1
Evaluate 3 + (2 + -5 - (-2 + 0)).
2
What is 64 + -65 - (2 + (3 - 2))?
-4
Evaluate -3 + 0 + (-2 - (0 - 4)).
-1
(-8 - -4) + 18 - 11
3
1 + (-1 - -4) - 4
0
What is 4 + (0 - (1 + 5))?
-2
(44 - 52) + 4 + (-2 - -1)
-5
Evaluate -2 - (-4 + -2 - -4) - 3.
-3
What is 0 + 0 + (-2 + 3 - -1)?
2
What is the value of (0 - (3 + 8 + -6)) + 13?
8
(16 - 36) + 8 + 0 + 3
-9
What is the value of -1 + (1 - -1) + 0 - 3?
-2
Evaluate 10 + -8 - -5 - 9.
-2
Calculate -8 - (1 - (4 - 0)).
-5
Evaluate 6 - 0 - (8 - 5).
3
3 + 1 - (-2 - -1 - -2)
3
Calculate (-4 - -2) + (3 - -3 - 4).
0
-3 + (-6 + -7 - -6 - -5)
-5
Evaluate (-1 - (3 - 2)) + 5.
3
Evaluate 3 - ((18 - 6) + -9).
0
Evaluate 47 - 53 - (-5 + 2).
-3
Calculate -4 - -1 - (7 + -7 + -6).
3
Evaluate 7 + -4 - (0 - -4).
-1
3 + 3 - (-5 + 9)
2
What is (9 - 11 - 2) + 1?
-3
10 - 2 - (-4 + 8)
4
Evaluate 7 + -5 - (-1 + 3).
0
-4 + (-14 - -9) + 8
-1
-9 - (20 + -15 - 5)
-9
What is the value of -1 - ((-4 - -2) + 3) - -2?
0
8 - (2 + -2 + 3) - -2
7
What is 5 + (-8 - -4) - 2?
-1
What is the value of (3 - (-1 - 1)) + -7?
-2
What is the value of -5 - (2 + 0 + -3)?
-4
Evaluate 3 + -3 + -8 + 4.
-4
What is the value of 10 + (-8 - -4 - 3)?
3
Evaluate -2 - (-16 + 15 - (-1 - 2)).
-4
Calculate (1 - 3) + (5 - 2) + -1.
0
Evaluate (-2 - 0 - -10) + 0.
8
Calculate 4 + (-5 - -3) + (2 - 3).
1
Evaluate 8 - (4 - (-15 + 7)).
-4
What is -11 + 1 - (-13 + 17 + -10)?
-4
Evaluate 0 + 0 + -8 + 3 + 9.
4
What is the value of (-8 - 0) + -9 + 12?
-5
Evaluate 1 + -2 - (6 + -12).
5
Evaluate 129 - 135 - (1 + -1 - 7).
1
Evaluate 8 - (4 + -2) - 1.
5
5 + 17 + -16 + -4 + -2
0
What is the value of 5 - (-2 - -6 - -6) - -3?
-2
What is -2 + 2 + 16 + -21?
-5
Calculate -1 - (-8 - (-3 - (-3 + 4))).
3
What is -16 + 0 + (2 - -7)?
-7
Evaluate -2 + 0 + -2 + 6 + -1.
1
What is 1 + 8 + -10 + (1 - -3)?
3
(2 + 3 - 1) + -5
-1
-9 + (-6 - -17) + -3
-1
What is the value of 6 + -6 - (0 - 2 - 3)?
5
(5 - 9) + 3 - (-4 - -5)
-2
What is -5 - ((23 - 18) + -10 + 1)?
-1
What is 3 + (0 + -1 - (9 + -8))?
1
Evaluate (-1 - -1) + (10 - 1) + -12.
-3
What is the value of -2 + (8 - -1) + -4 + 5?
8
Evaluate -6 + (14 - (0 - (-7 - -7))).
8
What is (-6 + 1 - -5) + -5 + 3?
-2
Calculate 15 - 5 - (-2 - -9).
3
-6 + 2 + 3 + -3 + 9
5
Calculate 4 - (8 + 8 + -8).
-4
21 - (11 - (-2 + -2))
6
What is -14 + (1 - -13) + 8?
8
0 + 0 + -1 + 11 + -11
-1
Calculate (-44 - -51) + 1 + -8.
0
-5 + (1 - (2 + -2) - -3)
-1
What is 5 + (-5 - 0 - (17 - 12))?
-5
Evaluate (7 - 6) + -5 + 0 - 0.
-4
What is the value of -6 - -9 - (1 + -1 + 2)?
1
What is -2 + 1 + -1 + 6?
4
What is (8 + 1 - (9 - 8)) + -2?
6
What is the value of 5 + (12 - 12) + 1?
6
Calculate -6 + -8 + 10 + 4.
0
Calculate 0 + -2 + (7 - (1 + 2)).
2
-7 - (-1 - (3 + -1))
-4
What is -40 - -38 - ((1 - -3) + 0)?
-6
What is -5 + 1 - (-17 + 11 + 7)?
-5
What is the value of 3 + -7 + 4 + 4?
4
Calculate 4 - (2 - 1 - 1).
4
What is -5 - -6 - -5 - (0 - -1)?
5
-1 - (1 + 1) - (-3 - 3)
3
What is (8 - -8) + (3 - (11 + 0))?
8
Evaluate -3 + (5 - 11) - -10.
1
Evaluate (-7 - -1) + (-20 - -23).
-3
What is the value of -5 + -3 - -7 - -7 - 10?
-4
Calculate (1 + 0 - 0) + (1 - -1).
3
(2 - (4 + -6)) + -2
2
(1 - 5) + 0 - -3
-1
0 + (3 - 2) + 3
4
What is the value of 3 + -3 + 3 + 1 + -4?
0
What is 4 + 3 + (-15 - -3)?
-5
What is 10 - (1 + -1 + 1 + 3)?
6
Evaluate -1 - (0 + 3 - -1 - 1).
-4
What is (2 + -4 - (-6 + 3)) + 0?
1
What is the value of 0 - -1 - (7 - (4 - -9))?
7
What is the value of (4 - 4 - 1) + (2 - 2)?
-1
Calculate 3 - (5 - 4) - (1 + -1).
2
What is the value of (5 - 5) + -2 + 1?
-1
What is -4 - (-11 + -6 + 5)?
8
What is 0 + (-1 - (-1 - 2)) + 0?
2
What is (334 - 322) + -13 + 1?
0
What is -12 - -5 - (-4 + -1)?
-2
What is the value of -6 + 0 + 10 - (0 + 0)?
4
Evaluate -3 - 0 - (-11 - -8 - 7).
7
What is -2 - -2 - (-9 - -6 - -9)?
-6
0 + (3 - (0 - -5)) + -1
-3
What is (12 - (15 - 2)) + -3?
-4
What is the value of (-7 + 1 - (-15 - -13)) + 10?
6
Calculate -4 + 1 - (2 + 1 + -2).
-4
What is 3 - (0 - -2) - -3 - 14?
-10
Calculate 16 + -8 - (6 + 1).
1
What is the value of -10 + 8 + -2 + 6?
2
-1 + (3 - -4) + -1 + -5
0
-4 - (-1 + 0 + -3 - -2)
-2
Calculate 4 + -4 + 3 + -2 + 1.
2
Calculate 10 - (0 - (-5 + -2)).
3
Evaluate -6 + 3 - (-1 - 3).
1
What is 2 - (2 - -4 - 2)?
-2
0 + 6 + (4 - 4) - 15
-9
Evaluate -1 + 2 + -6 + 6.
1
What is the value of -1 + -3 - -2 - (8 + -7)?
-3
What is the value of 13 + (5 - 9) + -10?
-1
What is the value of (-12 - (-18 + -4)) + -7 + 1?
4
Evaluate -132 + 140 - (6 + 1).
1
-38 - -41 - (10 + -1)
-6
What is -4 - (-4 + -1 - -6) - -3?
-2
(-2 - -4 - (2 - -2)) + 4
2
What is -1 - (1 + -3) - (1 - 3)?
3
Calculate -4 - ((5 - (-6 + 5)) + -9).
-1
Evaluate (-2 - 3) + 13 + -3 + 3.
8
-6 + 3 + (0 - 1)
-4
What is 2 + 2 - (-7 - -11)?
0
Evaluate (3 - (5 - 3)) + -1 + -2.
-2
Calculate (3 - -1 - (-58 + 67)) + 0.
-5
What is 1 + 8 + -2 + (2 - 4)?
5
Evaluate 1 + (-5 - -1) - 2.
-5
What is (0 - -2) + 3 + 0 + -1?
4
Evaluate 14 + (5 - -6 - 18).
7
Calculate 2 - ((2 - (-2 + 3)) + -3).
4
Calculate (-3 + 3 - 0) + -6 + 2.
-4
What is ((5 - 8) + -2 - -4) + -1?
-2
Evaluate 4 - ((3 - -1) + (-4 - -4)).
0
Calculate -7 + (1 - -3) + 1 + -3.
-5
What is -11 + 8 + (-2 + 1 - -9)?
5
Evaluate (0 + 3 - 1) + 0.
2
Calculate 1 + (-4 - -5) - (2 - -2).
-2
Evaluate 9 + (-10 - (-3 + 1)).
1
What is the value of 0 + 1 - (-3 - -1 - -3)?
0
What is the value of -8 - -6 - 3 - 0?
-5
3 + -7 + -9 + (-3 - -6)
-10
What is the value of (-29 - -27) + (4 - 1) + -8?
-7
What is the value of 4 + (-11 - -4 - -4)?
1
Evaluate -5 - (0 + 4 - 8).
-1
Evaluate 0 + 2 + -5 + 5.
2
Evaluate 3 + -7 - -6 - 6.
-4
6 + (5 - 7) + -3
1
Calculate 2 + -8 + -1 + 11.
4
What is the value of -3 + 1 - (4 - (0 - -4))?
-2
(-18 - -13) + -3 + 9
1
-2 - (7 + -6 + 0)
-3
Evaluate -6 - ((-4 - 0) + 1).
-3
Evaluate (12 + -11 - (5 - 2)) + 5.
3
What is the value of 6 + -2 + (-9 - -5)?
0
Calculate 1 + -3 + 3 + (-2 - 2).
-3
What is -16 + 5 + 6 - (1 - 5)?
-1
What is 0 + 6 + -12 + 3?
-3
What is (3 - 